5*(-5)/u. What is the remainder when 14 is divided by (24/4)/((-3)/q)?
2
Suppose 2*s + 3*s - 125 = -5*d, s = 4*d - 110. Calculate the remainder when d is divided by (-148)/(-10) - (-1)/5.
12
Let l = 2 - 2. Suppose -2*o + 3*o - 26 = l. Suppose -3*g - 3*x + 39 = 0, 0 = g + 2*x + 3*x - 9. Calculate the remainder when o is divided by g.
12
Suppose -152 = y - 5*y. What is the remainder when y is divided by (-8)/6*8/(48/(-45))?
8
Suppose -n + 2*n + 4 = 2*q, 2*q = 3*n + 8. Let y = q - -69. Calculate the remainder when y is divided by 18.
16
Let l(h) = -2 + 2*h - 3*h - 2 + 2. What is the remainder when 26 is divided by l(-9)?
5
Let v(m) = -m + 10. Let k be v(7). Calculate the remainder when 5*k/6*10 is divided by 14.
11
Suppose -4*d + 43 = -93. What is the remainder when d is divided by 7?
6
Let y = -72 - -107. Let c(v) = v**3 + 4*v**2 - 3. Let l be c(3). Suppose 4*p + p = l. Calculate the remainder when y is divided by p.
11
Suppose 0 = -2*u + 4*f + 27 + 5, -4*u = 4*f - 88. Calculate the remainder when (u/(-25))/(6/(-105)) is divided by (-4)/(-1) - (-2 + 1).
4
Let g(r) = 2*r**2 - 5*r - 1. Let i be g(4). Let j = i - -28. Calculate the remainder when j is divided by 10.
9
Suppose -9*y = -0*y - 126. What is the remainder when y is divided by -5*((-4)/2 + 1)?
4
Suppose 2*d = -11 + 27. What is the remainder when 13 is divided by d?
5
Let s = -3 - -1. Let q = 1 + -5. Let o = s - q. What is the remainder when 5 is divided by o?
1
Suppose -5*q + 3*g + 101 = 0, 2*g + 15 = 2*q - 23. What is the remainder when 86 is divided by q?
20
Let x(t) = -t + 2. Suppose 0*d + 1 = 5*d - 2*w, 0 = -w + 2. What is the remainder when x(d) is divided by 1?
0
Let a(l) be the second derivative of l**3/6 + 29*l**2 + 8*l. What is the remainder when a(0) is divided by 15?
13
Suppose -n = -2*n - 38. Let t = n + 55. Calculate the remainder when t is divided by 10.
7
Let g = -6 + 9. Suppose 0 = 3*c - 4*u - 119, g*u + 0 = 3. What is the remainder when c is divided by (1 - -1 - 4) + 14 - -2?
13
Let a = 25 + 1. Let u be 2/7 - 80/(-14). Suppose u*q = q + 45. What is the remainder when a is divided by q?
8
Let x(i) be the first derivative of i**3/3 + 3*i**2 + 7*i - 1. What is the remainder when x(-6) is divided by 5?
2
Suppose -30 + 8 = -z. Suppose 0*f = -f + 12. What is the remainder when z is divided by f?
10
Let p(c) = c**3 + 7*c**2 + 6*c + 4. Let k be p(-6). Let l be k/(-4)*(-1 - -4). What is the remainder when 52/(-8)*(l - -1) is divided by 7?
6
Let v(z) = -z**3 - 5*z**2 + z - 3. What is the remainder when 105 is divided by v(-6)?
24
Let g(f) = 11*f - 7. What is the remainder when g(3) is divided by 10?
6
Suppose -4*f + 21 + 11 = 0. What is the remainder when 30 is divided by f?
6
Let c = 5 + 2. Suppose -4*j + 5 + 11 = 0. Calculate the remainder when c is divided by j.
3
Let h be 220/(-6) - (-6)/9. Let w = 56 + h. Suppose 6*i - 2*i = 28. What is the remainder when w is divided by i?
6
Let s(g) = -g**2 + g. Let l(j) = -2*j**3 - 2*j**2 + 2*j. Let u(p) = 3*l(p) - 6*s(p). Calculate the remainder when 22 is divided by u(-1).
4
Let t = 125 + -119. What is the remainder when 15 is divided by t?
3
Suppose 3*v - 26 = 97. Calculate the remainder when v is divided by ((-49)/7)/((-1)/3).
20
Let v(i) = i**2 - i + 16. Suppose -2*t - 6 = -p - 0, -5 = -t. Suppose -4*m = -s + 3*s - 8, p = -3*m + 4*s. What is the remainder when v(m) is divided by 6?
4
Let a = 65 - 16. Let h = a + -30. Let r = 13 + -6. Calculate the remainder when h is divided by r.
5
Let l(u) = u + 49. Calculate the remainder when l(0) is divided by 13.
10
Suppose a - 4*a = 0. Suppose 2*d - 2 - 2 = a. Suppose d*p + p = 36. Calculate the remainder when 46 is divided by p.
10
Let q = 12 + 1. What is the remainder when 38 is divided by q?
12
Calculate the remainder when 59 is divided by ((-18)/(-4))/((-15)/(-100)).
29
What is the remainder when 27 is divided by (2 + 5)*(-13)/((-182)/12)?
3
Calculate the remainder when 74 is divided by ((-33)/(-12))/(9/36).
8
Suppose 0 = 2*c + 2*h + 116, 10*c - 5*c - 5*h = -240. Let y = -29 - c. Calculate the remainder when 45 is divided by y.
21
Suppose 5*s - 2*y - 71 = 22, s - 9 = -2*y. Let g = -5 + 9. Let r(j) = j + 2. What is the remainder when s is divided by r(g)?
5
Let y(r) = -2*r - 4. Let g(m) be the first derivative of -m**2 + 3*m + 1. Let q be g(4). Calculate the remainder when y(q) is divided by 4.
2
Let o(b) = -b**3 - 4*b - 3. Suppose 1 = -m - 1. What is the remainder when 25 - (-1 - (-3 + 2)) is divided by o(m)?
12
Suppose -13*h = -8*h - 50. What is the remainder when 10 is divided by h?
0
Let x be (1 + -2 - 1) + 6. Suppose -f - 13 = -x*q, -3*q + 2*f + 25 = 9. Suppose -18 = -q*v - v. Calculate the remainder when 11 is divided by v.
5
Suppose -2*o + 28 = 2*s, 4*o = -2*s + 34 + 30. What is the remainder when o is divided by 11?
7
Let r = -10 + 20. Let i be (4 - r)*4/2. Let g = i + 32. What is the remainder when 38 is divided by g?
18
Let i(u) = -u - 2. What is the remainder when 31 is divided by i(-10)?
7
Suppose -i - 6 = -15. Let c = -22 - -39. What is the remainder when c is divided by i?
8
Let z(g) = -3*g - 7. Let m = 18 - 25. Suppose 5*s - 115 = -3*o - 0*o, 135 = 5*s - o. What is the remainder when s is divided by z(m)?
12
Let c(o) = o**2 + 2*o + 8. Suppose 0 = -5*u + u + 124. What is the remainder when u is divided by c(-4)?
15
Let j = 2 - -2. Suppose 3*a + 2*r - 128 = 3*r, j*a - 174 = -2*r. Let v(s) = s**2 - 4*s + 3. What is the remainder when a is divided by v(6)?
13
Suppose 3*w = -h - 8, 0 = -h + 5*w + 15 + 17. What is the remainder when 53 is divided by h?
4
Let h = -94 - -110. What is the remainder when (-123)/(-4) - (-2)/8 is divided by h?
15
Suppose z + 0 = 4. What is the remainder when 19 is divided by z?
3
Let j = -3 - -8. Let r = -11 + 24. What is the remainder when r is divided by j?
3
Suppose -4*t = -4*z - 135 + 27, 5*z - 117 = -4*t. Let g = -64 - -29. Calculate the remainder when t is divided by g/(-7)*1*2.
8
Let v(x) = 14*x - 5 - x**2 + 13*x - 19*x - 1. Suppose n + 4*n = 30. Calculate the remainder when 16 is divided by v(n).
4
Suppose -i - 17 = 4*j, -j - 8 = -i - 0. Suppose -2*s + i*s = 5*q + 68, -3*s + 226 = -4*q. What is the remainder when s is divided by 27?
24
Let z(v) = v**3 + 6*v**2 - 9. Calculate the remainder when 66 is divided by z(-4).
20
Let x(c) = 4*c - 6. Calculate the remainder when (0 - -39) + (-2)/1 is divided by x(4).
7
What is the remainder when 19 is divided by 10/((-5)/(15/(-6)))?
4
Suppose -4*c + 26 + 50 = 0. What is the remainder when c is divided by 11?
8
Let n(q) = q**3 + q**2 - q + 2. Let i be n(0). Calculate the remainder when 33 is divided by 0 + 27/6*i.
6
Let i = 88 + -47. Let y(l) = l**2 - 2. Let j be y(-2). Suppose -2*h + 12 = -j*q + 52, 5*q - 4*h = 101. What is the remainder when i is divided by q?
20
Suppose -24 = -y + 34. Calculate the remainder when y is divided by 15.
13
Let s(i) = -6*i**3 + i**2 - 4*i - 2. Let m(u) = 7*u**3 - u**2 + 5*u + 2. Let c(x) = 5*m(x) + 6*s(x). Calculate the remainder when c(-3) is divided by 8.
7
Suppose 14*b + 7*b = 567. Suppose 7*r - 2*r = 0. Calculate the remainder when b is divided by (r - 21)/((-3)/2).
13
What is the remainder when 11 is divided by (10 - 4)/(1 + 0)?
5
What is the remainder when (-7)/2*36/(-21) is divided by 5?
1
Let p = 22 + -5. Suppose 3*l + 2*b - 42 = 0, -14 = -l - 0*b + 4*b. Suppose l = 3*n - 0*n + 4*d, -3*d = 3. Calculate the remainder when p is divided by n.
5
Suppose -32 = -5*g - 3*t, g = 3*g + 3*t - 20. Suppose -3*n = -g*m - 23, m - 7 = -3*n + 6. Calculate the remainder when 11 is divided by n - (-1 + (0 - -2)).
3
What is the remainder when 33 is divided by (-4)/(-16) - 70/(-8)?
6
Let f(o) = -6*o. Let d be f(-1). Suppose 3*a + 3*m + 2 = 2*a, 2*a = -4*m + d. Calculate the remainder when 51 is divided by a.
12
Let w be (-5 - 4/(-2))*1. Let m = 0 - w. What is the remainder when 2 + 0/m + 22 is divided by 13?
11
Let x be 50/15 - (-2)/(-6). Suppose 0 = -2*g + 6, -u + g + 1 = -4*g. Calculate the remainder when 2 - (x - (-64)/(-2)) is divided by u.
15
Let p be (-5)/(-20) + 301/(-4). Let u = -37 - p. Calculate the remainder when u is divided by 20.
18
Let o = 24 - 18. Let h(v) = -2*v**2 - 11*v - 6. Let s(y) = 3*y**2 + 12*y + 6. Let d(t) = -4*h(t) - 3*s(t). What is the remainder when 35 is d